{"id":1385,"date":"2023-04-20T09:00:18","date_gmt":"2023-04-20T09:00:18","guid":{"rendered":"https:\/\/www.grupopr.com\/?page_id=1385"},"modified":"2023-04-20T09:07:33","modified_gmt":"2023-04-20T09:07:33","slug":"blog-cocinas-lineales-7-aspectos-a-tener-en-cuenta","status":"publish","type":"page","link":"https:\/\/www.grupopr.com\/index.php\/blog-cocinas-lineales-7-aspectos-a-tener-en-cuenta\/","title":{"rendered":"Blog &#8211; Cocinas lineales: 7 aspectos a tener en cuenta"},"content":{"rendered":"\t\t<div data-elementor-type=\"wp-page\" data-elementor-id=\"1385\" class=\"elementor elementor-1385\">\n\t\t\t\t\t\t<section class=\"elementor-section elementor-top-section elementor-element elementor-element-e061b14 elementor-section-boxed elementor-section-height-default elementor-section-height-default\" data-id=\"e061b14\" data-element_type=\"section\" data-e-type=\"section\">\n\t\t\t\t\t\t<div class=\"elementor-container elementor-column-gap-default\">\n\t\t\t\t\t<div class=\"elementor-column elementor-col-100 elementor-top-column elementor-element elementor-element-75c81ac\" data-id=\"75c81ac\" data-element_type=\"column\" data-e-type=\"column\">\n\t\t\t<div class=\"elementor-widget-wrap elementor-element-populated\">\n\t\t\t\t\t\t<div class=\"elementor-element elementor-element-3bf1b86 elementor-widget elementor-widget-video\" data-id=\"3bf1b86\" data-element_type=\"widget\" data-e-type=\"widget\" data-settings=\"{&quot;video_type&quot;:&quot;hosted&quot;,&quot;autoplay&quot;:&quot;yes&quot;,&quot;play_on_mobile&quot;:&quot;yes&quot;,&quot;mute&quot;:&quot;yes&quot;,&quot;loop&quot;:&quot;yes&quot;}\" data-widget_type=\"video.default\">\n\t\t\t\t<div class=\"elementor-widget-container\">\n\t\t\t\t\t\t\t<div class=\"e-hosted-video elementor-wrapper elementor-open-inline\">\n\t\t\t\t\t<video class=\"elementor-video\" src=\"http:\/\/www.grupopr.com\/wp-content\/uploads\/2023\/04\/portada-pagina-web-grupopr.mp4\" autoplay=\"\" loop=\"\" muted=\"muted\" playsinline=\"\" controlsList=\"nodownload\"><\/video>\n\t\t\t\t<\/div>\n\t\t\t\t\t\t<\/div>\n\t\t\t\t<\/div>\n\t\t\t\t\t<\/div>\n\t\t<\/div>\n\t\t\t\t\t<\/div>\n\t\t<\/section>\n\t\t\t\t<section class=\"elementor-section elementor-top-section elementor-element elementor-element-fef908e elementor-section-boxed elementor-section-height-default elementor-section-height-default\" data-id=\"fef908e\" data-element_type=\"section\" data-e-type=\"section\">\n\t\t\t\t\t\t<div class=\"elementor-container elementor-column-gap-default\">\n\t\t\t\t\t<div class=\"elementor-column elementor-col-100 elementor-top-column elementor-element elementor-element-ca558c6\" data-id=\"ca558c6\" data-element_type=\"column\" data-e-type=\"column\" data-settings=\"{&quot;background_background&quot;:&quot;classic&quot;}\">\n\t\t\t<div class=\"elementor-widget-wrap elementor-element-populated\">\n\t\t\t\t\t\t<div class=\"elementor-element elementor-element-f3f8eb6 elementor-widget elementor-widget-image\" data-id=\"f3f8eb6\" data-element_type=\"widget\" data-e-type=\"widget\" data-widget_type=\"image.default\">\n\t\t\t\t<div class=\"elementor-widget-container\">\n\t\t\t\t\t\t\t\t\t\t\t\t\t\t\t<img fetchpriority=\"high\" decoding=\"async\" width=\"2560\" height=\"1440\" src=\"https:\/\/www.grupopr.com\/wp-content\/uploads\/2023\/04\/imagenes-pagina-web-20-scaled.jpg\" class=\"attachment-full size-full wp-image-1390\" alt=\"\" srcset=\"https:\/\/www.grupopr.com\/wp-content\/uploads\/2023\/04\/imagenes-pagina-web-20-scaled.jpg 2560w, https:\/\/www.grupopr.com\/wp-content\/uploads\/2023\/04\/imagenes-pagina-web-20-300x169.jpg 300w, https:\/\/www.grupopr.com\/wp-content\/uploads\/2023\/04\/imagenes-pagina-web-20-1024x576.jpg 1024w, https:\/\/www.grupopr.com\/wp-content\/uploads\/2023\/04\/imagenes-pagina-web-20-768x432.jpg 768w, https:\/\/www.grupopr.com\/wp-content\/uploads\/2023\/04\/imagenes-pagina-web-20-1536x864.jpg 1536w, https:\/\/www.grupopr.com\/wp-content\/uploads\/2023\/04\/imagenes-pagina-web-20-2048x1152.jpg 2048w, https:\/\/www.grupopr.com\/wp-content\/uploads\/2023\/04\/imagenes-pagina-web-20-1920x1080.jpg 1920w, https:\/\/www.grupopr.com\/wp-content\/uploads\/2023\/04\/imagenes-pagina-web-20-600x338.jpg 600w\" sizes=\"(max-width: 2560px) 100vw, 2560px\" \/>\t\t\t\t\t\t\t\t\t\t\t\t\t\t\t<\/div>\n\t\t\t\t<\/div>\n\t\t\t\t<div class=\"elementor-element elementor-element-b52f031 elementor-widget elementor-widget-text-editor\" data-id=\"b52f031\" data-element_type=\"widget\" data-e-type=\"widget\" data-widget_type=\"text-editor.default\">\n\t\t\t\t<div class=\"elementor-widget-container\">\n\t\t\t\t\t\t\t\t\t<h2 style=\"text-align: center;\"><strong><span style=\"color: #61ce70;\">Cocinas lineales: 7 aspectos a tener en cuenta<\/span><\/strong><\/h2><p><span style=\"color: #000000;\">Las cocinas lineales son una gran opci\u00f3n para espacios estrechos y alargados. Siempre debemos analizar el espacio que tenemos para elegir nuestra cocina ideal.\u00a0<\/span><\/p><p><span style=\"color: #000000;\">Cuando la cocina se tiene que ajustar a 1 pared, las opciones de dise\u00f1o pueden quedar limitadas. Sin isla u otra pared en esquina o enfrentada hay que concentrar todas las funciones (zona de trabajo, despensa, armario de limpieza y almacenamiento) en una sola pared. Para las cocinas lineales necesitar\u00edamos una\u00a0longitud m\u00ednima de 3,5 metros, teniendo en cuenta que debemos integrar el frigor\u00edfico, lavadora, vitrocer\u00e1mica y horno.<\/span><\/p><p><span style=\"color: #000000;\">Si nuestra pared no es suficientemente grande deberemos renunciar a una gran encimera y ajustarla al espacio disponible. Las cocinas lineales normalmente nos ofrecen espacios amplios, abiertos y minimalistas.<\/span><\/p><h3 style=\"text-align: center;\"><strong><span style=\"color: #000000;\">CARACTER\u00cdSTICAS COCINAS LINEALES<\/span><\/strong><\/h3><h3><span style=\"color: #000000;\">M\u00c1S ESPACIO CON COCINAS LINEALES<\/span><\/h3><p><span style=\"color: #000000;\">La principal ventaja de este tipo de cocinas es que disponemos de m\u00e1s zona libre para trabajar y moverte por la cocina. Adem\u00e1s, si se trata de una cocina abierta al sal\u00f3n, la sensaci\u00f3n de amplitud e incluso luminosidad ser\u00e1 mucho mayor.<\/span><\/p><h3><span style=\"color: #000000;\">VENTAJAS DE ORGANIZACI\u00d3N<\/span><\/h3><p><span style=\"color: #000000;\">Una cocina lineal nos va a permitir tener todos los utensilios y elementos de la cocina de manera m\u00e1s accesible y organizada.<\/span><\/p><h3><span style=\"color: #000000;\">COCINA LINEAL ENMARCADA<\/span><\/h3><p><span style=\"color: #000000;\">Es fundamental decidir d\u00f3nde ponemos los muebles altos en una cocina lineal. Podemos colocar\u00a0un mueble alto a cada lado de la pared, de manera que la cocina quede enmarcada. El frigor\u00edfico es la pieza imprescindible y deber\u00e1 estar a un lado. En el lado opuesto podemos poner el armario de limpieza o una columna en la que integremos electrodom\u00e9sticos como el horno y microondas.<\/span><\/p><h3><span style=\"color: #000000;\">MUEBLES ALTOS EN UN SOLO LADO<\/span><\/h3><p><span style=\"color: #000000;\">Hay cocinas en las que no podemos poner un mueble alto en cada lado. Ya sea porque tenemos una\u00a0ventana, puerta o sistema de ventilaci\u00f3n. En estos casos es mejor poner todos los muebles altos en un s\u00f3lo lado.<\/span><\/p><h3><span style=\"color: #000000;\">PROFUNDIDAD DE MUEBLES<\/span><\/h3><p><span style=\"color: #000000;\">En cocinas poco espaciosas una gran soluci\u00f3n puede ser adaptar los\u00a0muebles bajos\u00a0y darles\u00a0un poco m\u00e1s de profundidad, pasando de los 60 cm que son la medida est\u00e1ndar a muebles de 70 cm de profundidad. As\u00ed ganamos espacio para la zona de trabajo e incluso almacenamiento.<\/span><\/p><p><span style=\"color: #000000;\">En el caso de los muebles superiores, generalmente tienen 35 cm de profundidad. Si tenemos una cocina con techos altos podemos aprovechar mejor el espacio superior.<\/span><\/p><h3><span style=\"color: #000000;\">RENUNCIAR A ISLA POR UNA MESA GRANDE<\/span><\/h3><p><span style=\"color: #000000;\">Si solo tenemos espacio para una isla y una mesa comedor peque\u00f1a, en ocasiones ser\u00e1 mejor\u00a0renunciar a la isla a cambio de una mesa m\u00e1s grande. Esta mesa de comedor nos puede servir de punto de apoyo o incluso zona de trabajo si la colocamos donde estar\u00eda la isla.<\/span><\/p><h3><span style=\"color: #000000;\">SACAR FUNCIONES DE LA COCINA LINEAL<\/span><\/h3><p><span style=\"color: #000000;\">Siempre que se pueda y tengamos espacio en el resto de la casa podemos redistribuir algunos elementos. Por ejemplo, podemos colocar la lavadora en el ba\u00f1o u otras zonas. Si tenemos una cocina abierta tambi\u00e9n podremos guardar la vajilla en un mueble aparador cerca de la cocina para as\u00ed ganar m\u00e1s espacio de despensa en nuestra cocina lineal.<\/span><\/p>\t\t\t\t\t\t\t\t<\/div>\n\t\t\t\t<\/div>\n\t\t\t\t<div class=\"elementor-element elementor-element-24b20ba elementor-widget elementor-widget-text-editor\" data-id=\"24b20ba\" data-element_type=\"widget\" data-e-type=\"widget\" data-widget_type=\"text-editor.default\">\n\t\t\t\t<div class=\"elementor-widget-container\">\n\t\t\t\t\t\t\t\t\t<p><span style=\"color: #808080;\">07 de abril de 2023<\/span><\/p>\t\t\t\t\t\t\t\t<\/div>\n\t\t\t\t<\/div>\n\t\t\t\t\t<\/div>\n\t\t<\/div>\n\t\t\t\t\t<\/div>\n\t\t<\/section>\n\t\t\t\t<\/div>\n\t\t","protected":false},"excerpt":{"rendered":"<p>http:\/\/www.grupopr.com\/wp-content\/uploads\/2023\/04\/portada-pagina-web-grupopr.mp4 Cocinas lineales: 7 aspectos a tener en cuenta Las cocinas lineales son una gran opci\u00f3n para espacios estrechos y alargados. Siempre debemos analizar el espacio que tenemos para elegir nuestra cocina ideal.\u00a0 Cuando la cocina se tiene que ajustar a 1 pared, las opciones de dise\u00f1o pueden quedar limitadas. Sin isla u otra pared&hellip; <br \/> <a class=\"read-more\" href=\"https:\/\/www.grupopr.com\/index.php\/blog-cocinas-lineales-7-aspectos-a-tener-en-cuenta\/\">Leer m\u00e1s<\/a><\/p>\n","protected":false},"author":1,"featured_media":0,"parent":0,"menu_order":0,"comment_status":"closed","ping_status":"closed","template":"","meta":{"footnotes":""},"class_list":["post-1385","page","type-page","status-publish","hentry"],"yoast_head":"<!-- This site is optimized with the Yoast SEO plugin v27.6 - https:\/\/yoast.com\/product\/yoast-seo-wordpress\/ -->\n<title>Blog - Cocinas lineales: 7 aspectos a tener en cuenta - GRUPO PINEDA<\/title>\n<meta name=\"robots\" content=\"index, follow, max-snippet:-1, max-image-preview:large, max-video-preview:-1\" \/>\n<link rel=\"canonical\" href=\"https:\/\/www.grupopr.com\/index.php\/blog-cocinas-lineales-7-aspectos-a-tener-en-cuenta\/\" \/>\n<meta property=\"og:locale\" content=\"es_ES\" \/>\n<meta property=\"og:type\" content=\"article\" \/>\n<meta property=\"og:title\" content=\"Blog - Cocinas lineales: 7 aspectos a tener en cuenta - GRUPO PINEDA\" \/>\n<meta property=\"og:description\" content=\"http:\/\/www.grupopr.com\/wp-content\/uploads\/2023\/04\/portada-pagina-web-grupopr.mp4 Cocinas lineales: 7 aspectos a tener en cuenta Las cocinas lineales son una gran opci\u00f3n para espacios estrechos y alargados. Siempre debemos analizar el espacio que tenemos para elegir nuestra cocina ideal.\u00a0 Cuando la cocina se tiene que ajustar a 1 pared, las opciones de dise\u00f1o pueden quedar limitadas. Sin isla u otra pared&hellip; Leer m\u00e1s\" \/>\n<meta property=\"og:url\" content=\"https:\/\/www.grupopr.com\/index.php\/blog-cocinas-lineales-7-aspectos-a-tener-en-cuenta\/\" \/>\n<meta property=\"og:site_name\" content=\"GRUPO PINEDA\" \/>\n<meta property=\"article:modified_time\" content=\"2023-04-20T09:07:33+00:00\" \/>\n<meta property=\"og:image\" content=\"https:\/\/www.grupopr.com\/wp-content\/uploads\/2023\/04\/imagenes-pagina-web-20-scaled.jpg\" \/>\n<meta name=\"twitter:card\" content=\"summary_large_image\" \/>\n<meta name=\"twitter:label1\" content=\"Tiempo de lectura\" \/>\n\t<meta name=\"twitter:data1\" content=\"3 minutos\" \/>\n<script type=\"application\/ld+json\" class=\"yoast-schema-graph\">{\"@context\":\"https:\\\/\\\/schema.org\",\"@graph\":[{\"@type\":\"WebPage\",\"@id\":\"https:\\\/\\\/www.grupopr.com\\\/index.php\\\/blog-cocinas-lineales-7-aspectos-a-tener-en-cuenta\\\/\",\"url\":\"https:\\\/\\\/www.grupopr.com\\\/index.php\\\/blog-cocinas-lineales-7-aspectos-a-tener-en-cuenta\\\/\",\"name\":\"Blog - Cocinas lineales: 7 aspectos a tener en cuenta - GRUPO PINEDA\",\"isPartOf\":{\"@id\":\"https:\\\/\\\/www.grupopr.com\\\/#website\"},\"primaryImageOfPage\":{\"@id\":\"https:\\\/\\\/www.grupopr.com\\\/index.php\\\/blog-cocinas-lineales-7-aspectos-a-tener-en-cuenta\\\/#primaryimage\"},\"image\":{\"@id\":\"https:\\\/\\\/www.grupopr.com\\\/index.php\\\/blog-cocinas-lineales-7-aspectos-a-tener-en-cuenta\\\/#primaryimage\"},\"thumbnailUrl\":\"https:\\\/\\\/www.grupopr.com\\\/wp-content\\\/uploads\\\/2023\\\/04\\\/imagenes-pagina-web-20-scaled.jpg\",\"datePublished\":\"2023-04-20T09:00:18+00:00\",\"dateModified\":\"2023-04-20T09:07:33+00:00\",\"breadcrumb\":{\"@id\":\"https:\\\/\\\/www.grupopr.com\\\/index.php\\\/blog-cocinas-lineales-7-aspectos-a-tener-en-cuenta\\\/#breadcrumb\"},\"inLanguage\":\"es\",\"potentialAction\":[{\"@type\":\"ReadAction\",\"target\":[\"https:\\\/\\\/www.grupopr.com\\\/index.php\\\/blog-cocinas-lineales-7-aspectos-a-tener-en-cuenta\\\/\"]}]},{\"@type\":\"ImageObject\",\"inLanguage\":\"es\",\"@id\":\"https:\\\/\\\/www.grupopr.com\\\/index.php\\\/blog-cocinas-lineales-7-aspectos-a-tener-en-cuenta\\\/#primaryimage\",\"url\":\"https:\\\/\\\/www.grupopr.com\\\/wp-content\\\/uploads\\\/2023\\\/04\\\/imagenes-pagina-web-20-scaled.jpg\",\"contentUrl\":\"https:\\\/\\\/www.grupopr.com\\\/wp-content\\\/uploads\\\/2023\\\/04\\\/imagenes-pagina-web-20-scaled.jpg\",\"width\":2560,\"height\":1440},{\"@type\":\"BreadcrumbList\",\"@id\":\"https:\\\/\\\/www.grupopr.com\\\/index.php\\\/blog-cocinas-lineales-7-aspectos-a-tener-en-cuenta\\\/#breadcrumb\",\"itemListElement\":[{\"@type\":\"ListItem\",\"position\":1,\"name\":\"Portada\",\"item\":\"https:\\\/\\\/www.grupopr.com\\\/\"},{\"@type\":\"ListItem\",\"position\":2,\"name\":\"Blog &#8211; Cocinas lineales: 7 aspectos a tener en cuenta\"}]},{\"@type\":\"WebSite\",\"@id\":\"https:\\\/\\\/www.grupopr.com\\\/#website\",\"url\":\"https:\\\/\\\/www.grupopr.com\\\/\",\"name\":\"GRUPO PINEDA\",\"description\":\"\",\"publisher\":{\"@id\":\"https:\\\/\\\/www.grupopr.com\\\/#organization\"},\"potentialAction\":[{\"@type\":\"SearchAction\",\"target\":{\"@type\":\"EntryPoint\",\"urlTemplate\":\"https:\\\/\\\/www.grupopr.com\\\/?s={search_term_string}\"},\"query-input\":{\"@type\":\"PropertyValueSpecification\",\"valueRequired\":true,\"valueName\":\"search_term_string\"}}],\"inLanguage\":\"es\"},{\"@type\":\"Organization\",\"@id\":\"https:\\\/\\\/www.grupopr.com\\\/#organization\",\"name\":\"GRUPO PINEDA\",\"url\":\"https:\\\/\\\/www.grupopr.com\\\/\",\"logo\":{\"@type\":\"ImageObject\",\"inLanguage\":\"es\",\"@id\":\"https:\\\/\\\/www.grupopr.com\\\/#\\\/schema\\\/logo\\\/image\\\/\",\"url\":\"https:\\\/\\\/www.grupopr.com\\\/wp-content\\\/uploads\\\/2024\\\/09\\\/cropped-LOGO-NUEVO-GRUPO-PINEDA.png\",\"contentUrl\":\"https:\\\/\\\/www.grupopr.com\\\/wp-content\\\/uploads\\\/2024\\\/09\\\/cropped-LOGO-NUEVO-GRUPO-PINEDA.png\",\"width\":3498,\"height\":922,\"caption\":\"GRUPO PINEDA\"},\"image\":{\"@id\":\"https:\\\/\\\/www.grupopr.com\\\/#\\\/schema\\\/logo\\\/image\\\/\"}}]}<\/script>\n<!-- \/ Yoast SEO plugin. -->","yoast_head_json":{"title":"Blog - Cocinas lineales: 7 aspectos a tener en cuenta - GRUPO PINEDA","robots":{"index":"index","follow":"follow","max-snippet":"max-snippet:-1","max-image-preview":"max-image-preview:large","max-video-preview":"max-video-preview:-1"},"canonical":"https:\/\/www.grupopr.com\/index.php\/blog-cocinas-lineales-7-aspectos-a-tener-en-cuenta\/","og_locale":"es_ES","og_type":"article","og_title":"Blog - Cocinas lineales: 7 aspectos a tener en cuenta - GRUPO PINEDA","og_description":"http:\/\/www.grupopr.com\/wp-content\/uploads\/2023\/04\/portada-pagina-web-grupopr.mp4 Cocinas lineales: 7 aspectos a tener en cuenta Las cocinas lineales son una gran opci\u00f3n para espacios estrechos y alargados. Siempre debemos analizar el espacio que tenemos para elegir nuestra cocina ideal.\u00a0 Cuando la cocina se tiene que ajustar a 1 pared, las opciones de dise\u00f1o pueden quedar limitadas. Sin isla u otra pared&hellip; Leer m\u00e1s","og_url":"https:\/\/www.grupopr.com\/index.php\/blog-cocinas-lineales-7-aspectos-a-tener-en-cuenta\/","og_site_name":"GRUPO PINEDA","article_modified_time":"2023-04-20T09:07:33+00:00","og_image":[{"url":"https:\/\/www.grupopr.com\/wp-content\/uploads\/2023\/04\/imagenes-pagina-web-20-scaled.jpg","type":"","width":"","height":""}],"twitter_card":"summary_large_image","twitter_misc":{"Tiempo de lectura":"3 minutos"},"schema":{"@context":"https:\/\/schema.org","@graph":[{"@type":"WebPage","@id":"https:\/\/www.grupopr.com\/index.php\/blog-cocinas-lineales-7-aspectos-a-tener-en-cuenta\/","url":"https:\/\/www.grupopr.com\/index.php\/blog-cocinas-lineales-7-aspectos-a-tener-en-cuenta\/","name":"Blog - Cocinas lineales: 7 aspectos a tener en cuenta - GRUPO PINEDA","isPartOf":{"@id":"https:\/\/www.grupopr.com\/#website"},"primaryImageOfPage":{"@id":"https:\/\/www.grupopr.com\/index.php\/blog-cocinas-lineales-7-aspectos-a-tener-en-cuenta\/#primaryimage"},"image":{"@id":"https:\/\/www.grupopr.com\/index.php\/blog-cocinas-lineales-7-aspectos-a-tener-en-cuenta\/#primaryimage"},"thumbnailUrl":"https:\/\/www.grupopr.com\/wp-content\/uploads\/2023\/04\/imagenes-pagina-web-20-scaled.jpg","datePublished":"2023-04-20T09:00:18+00:00","dateModified":"2023-04-20T09:07:33+00:00","breadcrumb":{"@id":"https:\/\/www.grupopr.com\/index.php\/blog-cocinas-lineales-7-aspectos-a-tener-en-cuenta\/#breadcrumb"},"inLanguage":"es","potentialAction":[{"@type":"ReadAction","target":["https:\/\/www.grupopr.com\/index.php\/blog-cocinas-lineales-7-aspectos-a-tener-en-cuenta\/"]}]},{"@type":"ImageObject","inLanguage":"es","@id":"https:\/\/www.grupopr.com\/index.php\/blog-cocinas-lineales-7-aspectos-a-tener-en-cuenta\/#primaryimage","url":"https:\/\/www.grupopr.com\/wp-content\/uploads\/2023\/04\/imagenes-pagina-web-20-scaled.jpg","contentUrl":"https:\/\/www.grupopr.com\/wp-content\/uploads\/2023\/04\/imagenes-pagina-web-20-scaled.jpg","width":2560,"height":1440},{"@type":"BreadcrumbList","@id":"https:\/\/www.grupopr.com\/index.php\/blog-cocinas-lineales-7-aspectos-a-tener-en-cuenta\/#breadcrumb","itemListElement":[{"@type":"ListItem","position":1,"name":"Portada","item":"https:\/\/www.grupopr.com\/"},{"@type":"ListItem","position":2,"name":"Blog &#8211; Cocinas lineales: 7 aspectos a tener en cuenta"}]},{"@type":"WebSite","@id":"https:\/\/www.grupopr.com\/#website","url":"https:\/\/www.grupopr.com\/","name":"GRUPO PINEDA","description":"","publisher":{"@id":"https:\/\/www.grupopr.com\/#organization"},"potentialAction":[{"@type":"SearchAction","target":{"@type":"EntryPoint","urlTemplate":"https:\/\/www.grupopr.com\/?s={search_term_string}"},"query-input":{"@type":"PropertyValueSpecification","valueRequired":true,"valueName":"search_term_string"}}],"inLanguage":"es"},{"@type":"Organization","@id":"https:\/\/www.grupopr.com\/#organization","name":"GRUPO PINEDA","url":"https:\/\/www.grupopr.com\/","logo":{"@type":"ImageObject","inLanguage":"es","@id":"https:\/\/www.grupopr.com\/#\/schema\/logo\/image\/","url":"https:\/\/www.grupopr.com\/wp-content\/uploads\/2024\/09\/cropped-LOGO-NUEVO-GRUPO-PINEDA.png","contentUrl":"https:\/\/www.grupopr.com\/wp-content\/uploads\/2024\/09\/cropped-LOGO-NUEVO-GRUPO-PINEDA.png","width":3498,"height":922,"caption":"GRUPO PINEDA"},"image":{"@id":"https:\/\/www.grupopr.com\/#\/schema\/logo\/image\/"}}]}},"jetpack_sharing_enabled":true,"_links":{"self":[{"href":"https:\/\/www.grupopr.com\/index.php\/wp-json\/wp\/v2\/pages\/1385","targetHints":{"allow":["GET"]}}],"collection":[{"href":"https:\/\/www.grupopr.com\/index.php\/wp-json\/wp\/v2\/pages"}],"about":[{"href":"https:\/\/www.grupopr.com\/index.php\/wp-json\/wp\/v2\/types\/page"}],"author":[{"embeddable":true,"href":"https:\/\/www.grupopr.com\/index.php\/wp-json\/wp\/v2\/users\/1"}],"replies":[{"embeddable":true,"href":"https:\/\/www.grupopr.com\/index.php\/wp-json\/wp\/v2\/comments?post=1385"}],"version-history":[{"count":4,"href":"https:\/\/www.grupopr.com\/index.php\/wp-json\/wp\/v2\/pages\/1385\/revisions"}],"predecessor-version":[{"id":1396,"href":"https:\/\/www.grupopr.com\/index.php\/wp-json\/wp\/v2\/pages\/1385\/revisions\/1396"}],"wp:attachment":[{"href":"https:\/\/www.grupopr.com\/index.php\/wp-json\/wp\/v2\/media?parent=1385"}],"curies":[{"name":"wp","href":"https:\/\/api.w.org\/{rel}","templated":true}]}}