{"id":1350,"date":"2023-04-20T08:15:47","date_gmt":"2023-04-20T08:15:47","guid":{"rendered":"https:\/\/www.grupopr.com\/?page_id=1350"},"modified":"2023-04-20T08:38:22","modified_gmt":"2023-04-20T08:38:22","slug":"blog-distribucion-perfecta-de-la-cocina","status":"publish","type":"page","link":"https:\/\/www.grupopr.com\/index.php\/blog-distribucion-perfecta-de-la-cocina\/","title":{"rendered":"Blog &#8211; Distribuci\u00f3n perfecta\u00a0de la cocina\u00a0"},"content":{"rendered":"\t\t<div data-elementor-type=\"wp-page\" data-elementor-id=\"1350\" class=\"elementor elementor-1350\">\n\t\t\t\t\t\t<section class=\"elementor-section elementor-top-section elementor-element elementor-element-e061b14 elementor-section-boxed elementor-section-height-default elementor-section-height-default\" data-id=\"e061b14\" data-element_type=\"section\" data-e-type=\"section\">\n\t\t\t\t\t\t<div class=\"elementor-container elementor-column-gap-default\">\n\t\t\t\t\t<div class=\"elementor-column elementor-col-100 elementor-top-column elementor-element elementor-element-75c81ac\" data-id=\"75c81ac\" data-element_type=\"column\" data-e-type=\"column\">\n\t\t\t<div class=\"elementor-widget-wrap elementor-element-populated\">\n\t\t\t\t\t\t<div class=\"elementor-element elementor-element-3bf1b86 elementor-widget elementor-widget-video\" data-id=\"3bf1b86\" data-element_type=\"widget\" data-e-type=\"widget\" data-settings=\"{&quot;video_type&quot;:&quot;hosted&quot;,&quot;autoplay&quot;:&quot;yes&quot;,&quot;play_on_mobile&quot;:&quot;yes&quot;,&quot;mute&quot;:&quot;yes&quot;,&quot;loop&quot;:&quot;yes&quot;}\" data-widget_type=\"video.default\">\n\t\t\t\t<div class=\"elementor-widget-container\">\n\t\t\t\t\t\t\t<div class=\"e-hosted-video elementor-wrapper elementor-open-inline\">\n\t\t\t\t\t<video class=\"elementor-video\" src=\"http:\/\/www.grupopr.com\/wp-content\/uploads\/2023\/04\/portada-pagina-web-grupopr.mp4\" autoplay=\"\" loop=\"\" muted=\"muted\" playsinline=\"\" controlsList=\"nodownload\"><\/video>\n\t\t\t\t<\/div>\n\t\t\t\t\t\t<\/div>\n\t\t\t\t<\/div>\n\t\t\t\t\t<\/div>\n\t\t<\/div>\n\t\t\t\t\t<\/div>\n\t\t<\/section>\n\t\t\t\t<section class=\"elementor-section elementor-top-section elementor-element elementor-element-fef908e elementor-section-boxed elementor-section-height-default elementor-section-height-default\" data-id=\"fef908e\" data-element_type=\"section\" data-e-type=\"section\">\n\t\t\t\t\t\t<div class=\"elementor-container elementor-column-gap-default\">\n\t\t\t\t\t<div class=\"elementor-column elementor-col-100 elementor-top-column elementor-element elementor-element-ca558c6\" data-id=\"ca558c6\" data-element_type=\"column\" data-e-type=\"column\" data-settings=\"{&quot;background_background&quot;:&quot;classic&quot;}\">\n\t\t\t<div class=\"elementor-widget-wrap elementor-element-populated\">\n\t\t\t\t\t\t<div class=\"elementor-element elementor-element-f3f8eb6 elementor-widget elementor-widget-image\" data-id=\"f3f8eb6\" data-element_type=\"widget\" data-e-type=\"widget\" data-widget_type=\"image.default\">\n\t\t\t\t<div class=\"elementor-widget-container\">\n\t\t\t\t\t\t\t\t\t\t\t\t\t\t\t<img fetchpriority=\"high\" decoding=\"async\" width=\"2560\" height=\"1440\" src=\"https:\/\/www.grupopr.com\/wp-content\/uploads\/2023\/04\/imagenes-pagina-web-6-scaled.jpg\" class=\"attachment-full size-full wp-image-1349\" alt=\"\" srcset=\"https:\/\/www.grupopr.com\/wp-content\/uploads\/2023\/04\/imagenes-pagina-web-6-scaled.jpg 2560w, https:\/\/www.grupopr.com\/wp-content\/uploads\/2023\/04\/imagenes-pagina-web-6-300x169.jpg 300w, https:\/\/www.grupopr.com\/wp-content\/uploads\/2023\/04\/imagenes-pagina-web-6-1024x576.jpg 1024w, https:\/\/www.grupopr.com\/wp-content\/uploads\/2023\/04\/imagenes-pagina-web-6-768x432.jpg 768w, https:\/\/www.grupopr.com\/wp-content\/uploads\/2023\/04\/imagenes-pagina-web-6-1536x864.jpg 1536w, https:\/\/www.grupopr.com\/wp-content\/uploads\/2023\/04\/imagenes-pagina-web-6-2048x1152.jpg 2048w, https:\/\/www.grupopr.com\/wp-content\/uploads\/2023\/04\/imagenes-pagina-web-6-1920x1080.jpg 1920w, https:\/\/www.grupopr.com\/wp-content\/uploads\/2023\/04\/imagenes-pagina-web-6-600x338.jpg 600w\" sizes=\"(max-width: 2560px) 100vw, 2560px\" \/>\t\t\t\t\t\t\t\t\t\t\t\t\t\t\t<\/div>\n\t\t\t\t<\/div>\n\t\t\t\t<div class=\"elementor-element elementor-element-b52f031 elementor-widget elementor-widget-text-editor\" data-id=\"b52f031\" data-element_type=\"widget\" data-e-type=\"widget\" data-widget_type=\"text-editor.default\">\n\t\t\t\t<div class=\"elementor-widget-container\">\n\t\t\t\t\t\t\t\t\t<h2 style=\"text-align: center;\"><strong><span style=\"color: #61ce70;\">Distribuci\u00f3n perfecta de la cocina<\/span><\/strong><\/h2><p><span style=\"color: #000000;\">Cuando empezamos a pensar en nuestra nueva cocina siempre surgen dudas sobre la distribuci\u00f3n de la misma. Ya sabemos que la cocina es la estancia en la que m\u00e1s tiempo pasamos en casa, por eso mismo es tan importante elegir una buena distribuci\u00f3n. Tanto si tienes una cocina peque\u00f1a como una cocina grande aqu\u00ed te damos algunas soluciones para la distribuci\u00f3n de tu cocina.<\/span><\/p><p><span style=\"color: #000000;\">Como ya hemos dicho en otros posts, la cocina debe ser c\u00f3moda y funcional para que podamos estar a gusto a la hora de cocinar, mientras comemos o para poder disfrutar una larga sobremesa con familia o amigos.<\/span><\/p><p><span style=\"color: #000000;\">Antes de ver las diferentes opciones de cocinas vamos a tener en cuenta 3 tareas importantes:<\/span><\/p><p><span style=\"color: #000000;\">1.- Mide el espacio y empieza dibujando un plano en papel. Esto te ayudar\u00e1 a visualizar el dise\u00f1o final y asegurarte de que todo encaja perfectamente.<\/span><\/p><p><span style=\"color: #000000;\">2.- Ten en cuenta el flujo de tr\u00e1fico que habitualmente tenemos en la cocina para despu\u00e9s poder movernos con comodidad.<\/span><\/p><p><span style=\"color: #000000;\">3.- Pensar en nuestras necesidades: si vamos a necesitar mucho almacenamiento, si queremos zona de comedor, la medida de los electrodom\u00e9sticos que necesitamos, etc. Si sabemos exactamente qu\u00e9 caracter\u00edsticas indispensables queremos que tenga nuestra cocina, ser\u00e1 mucho m\u00e1s f\u00e1cil decidir el dise\u00f1o y la distribuci\u00f3n de la misma.<\/span><\/p><p><span style=\"color: #000000;\">En este post vamos a hablar sobre las distintas formas de distribuir nuestra cocina y cu\u00e1l es la m\u00e1s adecuada para cada caso.<\/span><\/p><p><span style=\"color: #000000;\">A la hora de dise\u00f1ar una cocina, hay una gran variedad de formas entre las que elegir. Algunas de las opciones m\u00e1s populares son las cocinas en forma de L, en forma de U y cocinas con isla. Cada una tiene sus propias ventajas e inconvenientes, por eso es tan importante valorar nuestras necesidades previamente.<\/span><\/p><h3><span style=\"color: #000000;\">COCINAS EN U<\/span><\/h3><p><span style=\"color: #000000;\"><img decoding=\"async\" class=\"wp-image-1365 size-medium alignleft\" src=\"https:\/\/www.grupopr.com\/wp-content\/uploads\/2023\/04\/imagenes-pagina-web-17-300x169.jpg\" alt=\"\" width=\"300\" height=\"169\" srcset=\"https:\/\/www.grupopr.com\/wp-content\/uploads\/2023\/04\/imagenes-pagina-web-17-300x169.jpg 300w, https:\/\/www.grupopr.com\/wp-content\/uploads\/2023\/04\/imagenes-pagina-web-17-1024x576.jpg 1024w, https:\/\/www.grupopr.com\/wp-content\/uploads\/2023\/04\/imagenes-pagina-web-17-768x432.jpg 768w, https:\/\/www.grupopr.com\/wp-content\/uploads\/2023\/04\/imagenes-pagina-web-17-1536x864.jpg 1536w, https:\/\/www.grupopr.com\/wp-content\/uploads\/2023\/04\/imagenes-pagina-web-17-2048x1152.jpg 2048w, https:\/\/www.grupopr.com\/wp-content\/uploads\/2023\/04\/imagenes-pagina-web-17-1920x1080.jpg 1920w, https:\/\/www.grupopr.com\/wp-content\/uploads\/2023\/04\/imagenes-pagina-web-17-600x338.jpg 600w\" sizes=\"(max-width: 300px) 100vw, 300px\" \/>Las cocinas en forma de U son cada vez m\u00e1s populares gracias a sus numerosas ventajas. La cocina en U se caracteriza porque todos los muebles y electrodom\u00e9sticos est\u00e1n dispuestos en torno a una pared. Esta distribuci\u00f3n es perfecta para cocinas peque\u00f1as o medianas, ya que aprovecha el espacio de la mejor manera posible al tener 3 de las paredes con encimera.<\/span><\/p><p><span style=\"color: #000000;\">Proporcionan mucho espacio de encimera y almacenamiento, son perfectas para varios cocineros y aprovechan al m\u00e1ximo los espacios peque\u00f1os.<\/span><\/p><h3><span style=\"color: #000000;\">COCINAS EN L<\/span><\/h3><p><span style=\"color: #000000;\"><img decoding=\"async\" class=\"wp-image-1366 size-medium alignright\" src=\"https:\/\/www.grupopr.com\/wp-content\/uploads\/2023\/04\/imagenes-pagina-web-18-300x169.jpg\" alt=\"\" width=\"300\" height=\"169\" srcset=\"https:\/\/www.grupopr.com\/wp-content\/uploads\/2023\/04\/imagenes-pagina-web-18-300x169.jpg 300w, https:\/\/www.grupopr.com\/wp-content\/uploads\/2023\/04\/imagenes-pagina-web-18-1024x576.jpg 1024w, https:\/\/www.grupopr.com\/wp-content\/uploads\/2023\/04\/imagenes-pagina-web-18-768x432.jpg 768w, https:\/\/www.grupopr.com\/wp-content\/uploads\/2023\/04\/imagenes-pagina-web-18-1536x864.jpg 1536w, https:\/\/www.grupopr.com\/wp-content\/uploads\/2023\/04\/imagenes-pagina-web-18-2048x1152.jpg 2048w, https:\/\/www.grupopr.com\/wp-content\/uploads\/2023\/04\/imagenes-pagina-web-18-1920x1080.jpg 1920w, https:\/\/www.grupopr.com\/wp-content\/uploads\/2023\/04\/imagenes-pagina-web-18-600x338.jpg 600w\" sizes=\"(max-width: 300px) 100vw, 300px\" \/>Otra de las distribuciones que podemos encontrar es la cocina en L. Debemos tener en cuenta que esta distribuci\u00f3n ser\u00e1 v\u00e1lida para cocinas rectangulares. En este caso, los muebles y electrodom\u00e9sticos est\u00e1n dispuestos en dos paredes perpendicularmente. Aunque se adaptan a cualquier tama\u00f1o, esta distribuci\u00f3n es perfecta para cocinas muy alargadas, ya que podemos aprovechar mejor el espacio disponible.<\/span><\/p><h3>\u00a0<\/h3><h3><span style=\"color: #000000;\">COCINAS CON ISLA<\/span><\/h3><p><span style=\"color: #000000;\"><img loading=\"lazy\" decoding=\"async\" class=\"alignleft wp-image-1364 size-medium\" src=\"https:\/\/www.grupopr.com\/wp-content\/uploads\/2023\/04\/imagenes-pagina-web-7-300x169.jpg\" alt=\"\" width=\"300\" height=\"169\" srcset=\"https:\/\/www.grupopr.com\/wp-content\/uploads\/2023\/04\/imagenes-pagina-web-7-300x169.jpg 300w, https:\/\/www.grupopr.com\/wp-content\/uploads\/2023\/04\/imagenes-pagina-web-7-1024x576.jpg 1024w, https:\/\/www.grupopr.com\/wp-content\/uploads\/2023\/04\/imagenes-pagina-web-7-768x432.jpg 768w, https:\/\/www.grupopr.com\/wp-content\/uploads\/2023\/04\/imagenes-pagina-web-7-1536x864.jpg 1536w, https:\/\/www.grupopr.com\/wp-content\/uploads\/2023\/04\/imagenes-pagina-web-7-2048x1152.jpg 2048w, https:\/\/www.grupopr.com\/wp-content\/uploads\/2023\/04\/imagenes-pagina-web-7-1920x1080.jpg 1920w, https:\/\/www.grupopr.com\/wp-content\/uploads\/2023\/04\/imagenes-pagina-web-7-600x338.jpg 600w\" sizes=\"(max-width: 300px) 100vw, 300px\" \/>Por \u00faltimo, tenemos la cocina con isla. En este caso, los muebles y electrodom\u00e9sticos est\u00e1n dispuestos en torno a una isla central. Esta distribuci\u00f3n es perfecta para cocinas grandes o espaciosas, ya que podemos aprovechar mejor el espacio disponible.\u00a0<\/span><span style=\"color: #000000; font-family: var( --e-global-typography-text-font-family ), Sans-serif; font-weight: var( --e-global-typography-text-font-weight ); background-color: var( --e-global-color-primary );\">Una isla de cocina bien colocada puede ser tanto funcional como decorativa en nuestro hogar. Nos permite tener un espacio extra en la encimera y de almacenamiento, lo que la hace perfecta para cocinar o guardar los electrodom\u00e9sticos y otros elementos. Una isla tambi\u00e9n puede incluir una barra de desayuno o una zona para sentarse, que viene muy bien para que mientras cocinamos nuestros invitados puedan estar con nosotros en la cocina.<\/span><\/p><p><span style=\"color: #000000;\">Y si tienes poco espacio de trabajo, una isla de cocina es la forma perfecta de a\u00f1adir una encimera adicional en la que poder cocinar c\u00f3modamente.<\/span><\/p><p><span style=\"color: #000000;\">En conclusi\u00f3n, la distribuci\u00f3n de la cocina es muy importante a la hora de dise\u00f1ar nuestra cocina perfecta. Aseg\u00farate de considerar todas las opciones disponibles para encontrar la mejor distribuci\u00f3n para tu cocina.<\/span><\/p>\t\t\t\t\t\t\t\t<\/div>\n\t\t\t\t<\/div>\n\t\t\t\t<div class=\"elementor-element elementor-element-24b20ba elementor-widget elementor-widget-text-editor\" data-id=\"24b20ba\" data-element_type=\"widget\" data-e-type=\"widget\" data-widget_type=\"text-editor.default\">\n\t\t\t\t<div class=\"elementor-widget-container\">\n\t\t\t\t\t\t\t\t\t<p><span style=\"color: #808080;\">05 de abril de 2023<\/span><\/p>\t\t\t\t\t\t\t\t<\/div>\n\t\t\t\t<\/div>\n\t\t\t\t\t<\/div>\n\t\t<\/div>\n\t\t\t\t\t<\/div>\n\t\t<\/section>\n\t\t\t\t<\/div>\n\t\t","protected":false},"excerpt":{"rendered":"<p>http:\/\/www.grupopr.com\/wp-content\/uploads\/2023\/04\/portada-pagina-web-grupopr.mp4 Distribuci\u00f3n perfecta de la cocina Cuando empezamos a pensar en nuestra nueva cocina siempre surgen dudas sobre la distribuci\u00f3n de la misma. Ya sabemos que la cocina es la estancia en la que m\u00e1s tiempo pasamos en casa, por eso mismo es tan importante elegir una buena distribuci\u00f3n. Tanto si tienes una cocina peque\u00f1a&hellip; <br \/> <a class=\"read-more\" href=\"https:\/\/www.grupopr.com\/index.php\/blog-distribucion-perfecta-de-la-cocina\/\">Leer m\u00e1s<\/a><\/p>\n","protected":false},"author":1,"featured_media":0,"parent":0,"menu_order":0,"comment_status":"closed","ping_status":"closed","template":"","meta":{"footnotes":""},"class_list":["post-1350","page","type-page","status-publish","hentry"],"yoast_head":"<!-- This site is optimized with the Yoast SEO plugin v27.6 - https:\/\/yoast.com\/product\/yoast-seo-wordpress\/ -->\n<title>Blog - Distribuci\u00f3n perfecta\u00a0de la cocina\u00a0 - GRUPO PINEDA<\/title>\n<meta name=\"robots\" content=\"index, follow, max-snippet:-1, max-image-preview:large, max-video-preview:-1\" \/>\n<link rel=\"canonical\" href=\"https:\/\/www.grupopr.com\/index.php\/blog-distribucion-perfecta-de-la-cocina\/\" \/>\n<meta property=\"og:locale\" content=\"es_ES\" \/>\n<meta property=\"og:type\" content=\"article\" \/>\n<meta property=\"og:title\" content=\"Blog - Distribuci\u00f3n perfecta\u00a0de la cocina\u00a0 - GRUPO PINEDA\" \/>\n<meta property=\"og:description\" content=\"http:\/\/www.grupopr.com\/wp-content\/uploads\/2023\/04\/portada-pagina-web-grupopr.mp4 Distribuci\u00f3n perfecta de la cocina Cuando empezamos a pensar en nuestra nueva cocina siempre surgen dudas sobre la distribuci\u00f3n de la misma. Ya sabemos que la cocina es la estancia en la que m\u00e1s tiempo pasamos en casa, por eso mismo es tan importante elegir una buena distribuci\u00f3n. Tanto si tienes una cocina peque\u00f1a&hellip; Leer m\u00e1s\" \/>\n<meta property=\"og:url\" content=\"https:\/\/www.grupopr.com\/index.php\/blog-distribucion-perfecta-de-la-cocina\/\" \/>\n<meta property=\"og:site_name\" content=\"GRUPO PINEDA\" \/>\n<meta property=\"article:modified_time\" content=\"2023-04-20T08:38:22+00:00\" \/>\n<meta property=\"og:image\" content=\"https:\/\/www.grupopr.com\/wp-content\/uploads\/2023\/04\/imagenes-pagina-web-6-scaled.jpg\" \/>\n<meta name=\"twitter:card\" content=\"summary_large_image\" \/>\n<meta name=\"twitter:label1\" content=\"Tiempo de lectura\" \/>\n\t<meta name=\"twitter:data1\" content=\"4 minutos\" \/>\n<script type=\"application\/ld+json\" class=\"yoast-schema-graph\">{\"@context\":\"https:\\\/\\\/schema.org\",\"@graph\":[{\"@type\":\"WebPage\",\"@id\":\"https:\\\/\\\/www.grupopr.com\\\/index.php\\\/blog-distribucion-perfecta-de-la-cocina\\\/\",\"url\":\"https:\\\/\\\/www.grupopr.com\\\/index.php\\\/blog-distribucion-perfecta-de-la-cocina\\\/\",\"name\":\"Blog - Distribuci\u00f3n perfecta\u00a0de la cocina\u00a0 - GRUPO PINEDA\",\"isPartOf\":{\"@id\":\"https:\\\/\\\/www.grupopr.com\\\/#website\"},\"primaryImageOfPage\":{\"@id\":\"https:\\\/\\\/www.grupopr.com\\\/index.php\\\/blog-distribucion-perfecta-de-la-cocina\\\/#primaryimage\"},\"image\":{\"@id\":\"https:\\\/\\\/www.grupopr.com\\\/index.php\\\/blog-distribucion-perfecta-de-la-cocina\\\/#primaryimage\"},\"thumbnailUrl\":\"https:\\\/\\\/www.grupopr.com\\\/wp-content\\\/uploads\\\/2023\\\/04\\\/imagenes-pagina-web-6-scaled.jpg\",\"datePublished\":\"2023-04-20T08:15:47+00:00\",\"dateModified\":\"2023-04-20T08:38:22+00:00\",\"breadcrumb\":{\"@id\":\"https:\\\/\\\/www.grupopr.com\\\/index.php\\\/blog-distribucion-perfecta-de-la-cocina\\\/#breadcrumb\"},\"inLanguage\":\"es\",\"potentialAction\":[{\"@type\":\"ReadAction\",\"target\":[\"https:\\\/\\\/www.grupopr.com\\\/index.php\\\/blog-distribucion-perfecta-de-la-cocina\\\/\"]}]},{\"@type\":\"ImageObject\",\"inLanguage\":\"es\",\"@id\":\"https:\\\/\\\/www.grupopr.com\\\/index.php\\\/blog-distribucion-perfecta-de-la-cocina\\\/#primaryimage\",\"url\":\"https:\\\/\\\/www.grupopr.com\\\/wp-content\\\/uploads\\\/2023\\\/04\\\/imagenes-pagina-web-6-scaled.jpg\",\"contentUrl\":\"https:\\\/\\\/www.grupopr.com\\\/wp-content\\\/uploads\\\/2023\\\/04\\\/imagenes-pagina-web-6-scaled.jpg\",\"width\":2560,\"height\":1440},{\"@type\":\"BreadcrumbList\",\"@id\":\"https:\\\/\\\/www.grupopr.com\\\/index.php\\\/blog-distribucion-perfecta-de-la-cocina\\\/#breadcrumb\",\"itemListElement\":[{\"@type\":\"ListItem\",\"position\":1,\"name\":\"Portada\",\"item\":\"https:\\\/\\\/www.grupopr.com\\\/\"},{\"@type\":\"ListItem\",\"position\":2,\"name\":\"Blog &#8211; Distribuci\u00f3n perfecta\u00a0de la cocina\u00a0\"}]},{\"@type\":\"WebSite\",\"@id\":\"https:\\\/\\\/www.grupopr.com\\\/#website\",\"url\":\"https:\\\/\\\/www.grupopr.com\\\/\",\"name\":\"GRUPO PINEDA\",\"description\":\"\",\"publisher\":{\"@id\":\"https:\\\/\\\/www.grupopr.com\\\/#organization\"},\"potentialAction\":[{\"@type\":\"SearchAction\",\"target\":{\"@type\":\"EntryPoint\",\"urlTemplate\":\"https:\\\/\\\/www.grupopr.com\\\/?s={search_term_string}\"},\"query-input\":{\"@type\":\"PropertyValueSpecification\",\"valueRequired\":true,\"valueName\":\"search_term_string\"}}],\"inLanguage\":\"es\"},{\"@type\":\"Organization\",\"@id\":\"https:\\\/\\\/www.grupopr.com\\\/#organization\",\"name\":\"GRUPO PINEDA\",\"url\":\"https:\\\/\\\/www.grupopr.com\\\/\",\"logo\":{\"@type\":\"ImageObject\",\"inLanguage\":\"es\",\"@id\":\"https:\\\/\\\/www.grupopr.com\\\/#\\\/schema\\\/logo\\\/image\\\/\",\"url\":\"https:\\\/\\\/www.grupopr.com\\\/wp-content\\\/uploads\\\/2024\\\/09\\\/cropped-LOGO-NUEVO-GRUPO-PINEDA.png\",\"contentUrl\":\"https:\\\/\\\/www.grupopr.com\\\/wp-content\\\/uploads\\\/2024\\\/09\\\/cropped-LOGO-NUEVO-GRUPO-PINEDA.png\",\"width\":3498,\"height\":922,\"caption\":\"GRUPO PINEDA\"},\"image\":{\"@id\":\"https:\\\/\\\/www.grupopr.com\\\/#\\\/schema\\\/logo\\\/image\\\/\"}}]}<\/script>\n<!-- \/ Yoast SEO plugin. -->","yoast_head_json":{"title":"Blog - Distribuci\u00f3n perfecta\u00a0de la cocina\u00a0 - GRUPO PINEDA","robots":{"index":"index","follow":"follow","max-snippet":"max-snippet:-1","max-image-preview":"max-image-preview:large","max-video-preview":"max-video-preview:-1"},"canonical":"https:\/\/www.grupopr.com\/index.php\/blog-distribucion-perfecta-de-la-cocina\/","og_locale":"es_ES","og_type":"article","og_title":"Blog - Distribuci\u00f3n perfecta\u00a0de la cocina\u00a0 - GRUPO PINEDA","og_description":"http:\/\/www.grupopr.com\/wp-content\/uploads\/2023\/04\/portada-pagina-web-grupopr.mp4 Distribuci\u00f3n perfecta de la cocina Cuando empezamos a pensar en nuestra nueva cocina siempre surgen dudas sobre la distribuci\u00f3n de la misma. Ya sabemos que la cocina es la estancia en la que m\u00e1s tiempo pasamos en casa, por eso mismo es tan importante elegir una buena distribuci\u00f3n. Tanto si tienes una cocina peque\u00f1a&hellip; Leer m\u00e1s","og_url":"https:\/\/www.grupopr.com\/index.php\/blog-distribucion-perfecta-de-la-cocina\/","og_site_name":"GRUPO PINEDA","article_modified_time":"2023-04-20T08:38:22+00:00","og_image":[{"url":"https:\/\/www.grupopr.com\/wp-content\/uploads\/2023\/04\/imagenes-pagina-web-6-scaled.jpg","type":"","width":"","height":""}],"twitter_card":"summary_large_image","twitter_misc":{"Tiempo de lectura":"4 minutos"},"schema":{"@context":"https:\/\/schema.org","@graph":[{"@type":"WebPage","@id":"https:\/\/www.grupopr.com\/index.php\/blog-distribucion-perfecta-de-la-cocina\/","url":"https:\/\/www.grupopr.com\/index.php\/blog-distribucion-perfecta-de-la-cocina\/","name":"Blog - Distribuci\u00f3n perfecta\u00a0de la cocina\u00a0 - GRUPO PINEDA","isPartOf":{"@id":"https:\/\/www.grupopr.com\/#website"},"primaryImageOfPage":{"@id":"https:\/\/www.grupopr.com\/index.php\/blog-distribucion-perfecta-de-la-cocina\/#primaryimage"},"image":{"@id":"https:\/\/www.grupopr.com\/index.php\/blog-distribucion-perfecta-de-la-cocina\/#primaryimage"},"thumbnailUrl":"https:\/\/www.grupopr.com\/wp-content\/uploads\/2023\/04\/imagenes-pagina-web-6-scaled.jpg","datePublished":"2023-04-20T08:15:47+00:00","dateModified":"2023-04-20T08:38:22+00:00","breadcrumb":{"@id":"https:\/\/www.grupopr.com\/index.php\/blog-distribucion-perfecta-de-la-cocina\/#breadcrumb"},"inLanguage":"es","potentialAction":[{"@type":"ReadAction","target":["https:\/\/www.grupopr.com\/index.php\/blog-distribucion-perfecta-de-la-cocina\/"]}]},{"@type":"ImageObject","inLanguage":"es","@id":"https:\/\/www.grupopr.com\/index.php\/blog-distribucion-perfecta-de-la-cocina\/#primaryimage","url":"https:\/\/www.grupopr.com\/wp-content\/uploads\/2023\/04\/imagenes-pagina-web-6-scaled.jpg","contentUrl":"https:\/\/www.grupopr.com\/wp-content\/uploads\/2023\/04\/imagenes-pagina-web-6-scaled.jpg","width":2560,"height":1440},{"@type":"BreadcrumbList","@id":"https:\/\/www.grupopr.com\/index.php\/blog-distribucion-perfecta-de-la-cocina\/#breadcrumb","itemListElement":[{"@type":"ListItem","position":1,"name":"Portada","item":"https:\/\/www.grupopr.com\/"},{"@type":"ListItem","position":2,"name":"Blog &#8211; Distribuci\u00f3n perfecta\u00a0de la cocina\u00a0"}]},{"@type":"WebSite","@id":"https:\/\/www.grupopr.com\/#website","url":"https:\/\/www.grupopr.com\/","name":"GRUPO PINEDA","description":"","publisher":{"@id":"https:\/\/www.grupopr.com\/#organization"},"potentialAction":[{"@type":"SearchAction","target":{"@type":"EntryPoint","urlTemplate":"https:\/\/www.grupopr.com\/?s={search_term_string}"},"query-input":{"@type":"PropertyValueSpecification","valueRequired":true,"valueName":"search_term_string"}}],"inLanguage":"es"},{"@type":"Organization","@id":"https:\/\/www.grupopr.com\/#organization","name":"GRUPO PINEDA","url":"https:\/\/www.grupopr.com\/","logo":{"@type":"ImageObject","inLanguage":"es","@id":"https:\/\/www.grupopr.com\/#\/schema\/logo\/image\/","url":"https:\/\/www.grupopr.com\/wp-content\/uploads\/2024\/09\/cropped-LOGO-NUEVO-GRUPO-PINEDA.png","contentUrl":"https:\/\/www.grupopr.com\/wp-content\/uploads\/2024\/09\/cropped-LOGO-NUEVO-GRUPO-PINEDA.png","width":3498,"height":922,"caption":"GRUPO PINEDA"},"image":{"@id":"https:\/\/www.grupopr.com\/#\/schema\/logo\/image\/"}}]}},"jetpack_sharing_enabled":true,"_links":{"self":[{"href":"https:\/\/www.grupopr.com\/index.php\/wp-json\/wp\/v2\/pages\/1350","targetHints":{"allow":["GET"]}}],"collection":[{"href":"https:\/\/www.grupopr.com\/index.php\/wp-json\/wp\/v2\/pages"}],"about":[{"href":"https:\/\/www.grupopr.com\/index.php\/wp-json\/wp\/v2\/types\/page"}],"author":[{"embeddable":true,"href":"https:\/\/www.grupopr.com\/index.php\/wp-json\/wp\/v2\/users\/1"}],"replies":[{"embeddable":true,"href":"https:\/\/www.grupopr.com\/index.php\/wp-json\/wp\/v2\/comments?post=1350"}],"version-history":[{"count":4,"href":"https:\/\/www.grupopr.com\/index.php\/wp-json\/wp\/v2\/pages\/1350\/revisions"}],"predecessor-version":[{"id":1369,"href":"https:\/\/www.grupopr.com\/index.php\/wp-json\/wp\/v2\/pages\/1350\/revisions\/1369"}],"wp:attachment":[{"href":"https:\/\/www.grupopr.com\/index.php\/wp-json\/wp\/v2\/media?parent=1350"}],"curies":[{"name":"wp","href":"https:\/\/api.w.org\/{rel}","templated":true}]}}