{"id":1310,"date":"2023-04-20T07:30:12","date_gmt":"2023-04-20T07:30:12","guid":{"rendered":"https:\/\/www.grupopr.com\/?page_id=1310"},"modified":"2023-04-20T07:54:18","modified_gmt":"2023-04-20T07:54:18","slug":"blog-consejos-para-elegir-los-muebles-de-tu-cocina","status":"publish","type":"page","link":"https:\/\/www.grupopr.com\/index.php\/blog-consejos-para-elegir-los-muebles-de-tu-cocina\/","title":{"rendered":"Blog &#8211; Consejos para elegir los muebles de tu cocina"},"content":{"rendered":"\t\t<div data-elementor-type=\"wp-page\" data-elementor-id=\"1310\" class=\"elementor elementor-1310\">\n\t\t\t\t\t\t<section class=\"elementor-section elementor-top-section elementor-element elementor-element-e061b14 elementor-section-boxed elementor-section-height-default elementor-section-height-default\" data-id=\"e061b14\" data-element_type=\"section\" data-e-type=\"section\">\n\t\t\t\t\t\t<div class=\"elementor-container elementor-column-gap-default\">\n\t\t\t\t\t<div class=\"elementor-column elementor-col-100 elementor-top-column elementor-element elementor-element-75c81ac\" data-id=\"75c81ac\" data-element_type=\"column\" data-e-type=\"column\">\n\t\t\t<div class=\"elementor-widget-wrap elementor-element-populated\">\n\t\t\t\t\t\t<div class=\"elementor-element elementor-element-3bf1b86 elementor-widget elementor-widget-video\" data-id=\"3bf1b86\" data-element_type=\"widget\" data-e-type=\"widget\" data-settings=\"{&quot;video_type&quot;:&quot;hosted&quot;,&quot;autoplay&quot;:&quot;yes&quot;,&quot;play_on_mobile&quot;:&quot;yes&quot;,&quot;mute&quot;:&quot;yes&quot;,&quot;loop&quot;:&quot;yes&quot;}\" data-widget_type=\"video.default\">\n\t\t\t\t<div class=\"elementor-widget-container\">\n\t\t\t\t\t\t\t<div class=\"e-hosted-video elementor-wrapper elementor-open-inline\">\n\t\t\t\t\t<video class=\"elementor-video\" src=\"http:\/\/www.grupopr.com\/wp-content\/uploads\/2023\/04\/portada-pagina-web-grupopr.mp4\" autoplay=\"\" loop=\"\" muted=\"muted\" playsinline=\"\" controlsList=\"nodownload\"><\/video>\n\t\t\t\t<\/div>\n\t\t\t\t\t\t<\/div>\n\t\t\t\t<\/div>\n\t\t\t\t\t<\/div>\n\t\t<\/div>\n\t\t\t\t\t<\/div>\n\t\t<\/section>\n\t\t\t\t<section class=\"elementor-section elementor-top-section elementor-element elementor-element-fef908e elementor-section-boxed elementor-section-height-default elementor-section-height-default\" data-id=\"fef908e\" data-element_type=\"section\" data-e-type=\"section\">\n\t\t\t\t\t\t<div class=\"elementor-container elementor-column-gap-default\">\n\t\t\t\t\t<div class=\"elementor-column elementor-col-100 elementor-top-column elementor-element elementor-element-ca558c6\" data-id=\"ca558c6\" data-element_type=\"column\" data-e-type=\"column\" data-settings=\"{&quot;background_background&quot;:&quot;classic&quot;}\">\n\t\t\t<div class=\"elementor-widget-wrap elementor-element-populated\">\n\t\t\t\t\t\t<div class=\"elementor-element elementor-element-f3f8eb6 elementor-widget elementor-widget-image\" data-id=\"f3f8eb6\" data-element_type=\"widget\" data-e-type=\"widget\" data-widget_type=\"image.default\">\n\t\t\t\t<div class=\"elementor-widget-container\">\n\t\t\t\t\t\t\t\t\t\t\t\t\t\t\t<img fetchpriority=\"high\" decoding=\"async\" width=\"2560\" height=\"1440\" src=\"https:\/\/www.grupopr.com\/wp-content\/uploads\/2023\/04\/imagenes-pagina-web-1-scaled.jpg\" class=\"attachment-full size-full wp-image-1130\" alt=\"\" srcset=\"https:\/\/www.grupopr.com\/wp-content\/uploads\/2023\/04\/imagenes-pagina-web-1-scaled.jpg 2560w, https:\/\/www.grupopr.com\/wp-content\/uploads\/2023\/04\/imagenes-pagina-web-1-300x169.jpg 300w, https:\/\/www.grupopr.com\/wp-content\/uploads\/2023\/04\/imagenes-pagina-web-1-1024x576.jpg 1024w, https:\/\/www.grupopr.com\/wp-content\/uploads\/2023\/04\/imagenes-pagina-web-1-768x432.jpg 768w, https:\/\/www.grupopr.com\/wp-content\/uploads\/2023\/04\/imagenes-pagina-web-1-1536x864.jpg 1536w, https:\/\/www.grupopr.com\/wp-content\/uploads\/2023\/04\/imagenes-pagina-web-1-2048x1152.jpg 2048w, https:\/\/www.grupopr.com\/wp-content\/uploads\/2023\/04\/imagenes-pagina-web-1-1920x1080.jpg 1920w, https:\/\/www.grupopr.com\/wp-content\/uploads\/2023\/04\/imagenes-pagina-web-1-600x338.jpg 600w\" sizes=\"(max-width: 2560px) 100vw, 2560px\" \/>\t\t\t\t\t\t\t\t\t\t\t\t\t\t\t<\/div>\n\t\t\t\t<\/div>\n\t\t\t\t<div class=\"elementor-element elementor-element-b52f031 elementor-widget elementor-widget-text-editor\" data-id=\"b52f031\" data-element_type=\"widget\" data-e-type=\"widget\" data-widget_type=\"text-editor.default\">\n\t\t\t\t<div class=\"elementor-widget-container\">\n\t\t\t\t\t\t\t\t\t<h2 style=\"text-align: center;\"><span style=\"color: #61ce70;\"><strong>Consejos para elegir los muebles de tu cocina<\/strong><\/span><\/h2><p><span style=\"color: #000000;\">Si vamos a empezar a mirar cocinas y nos sabemos qu\u00e9 tipos de muebles elegir, tenemos que tener en cuenta varios aspectos el espacio que tenemos, los \u00fatiles que debemos guardar y su organizaci\u00f3n en la cocina, distribuci\u00f3n del espacio, estilo decorativo de la casa etc.<\/span><\/p><p><span style=\"color: #000000;\">A continuaci\u00f3n os contamos con detalle cada uno de estos aspectos:<\/span><\/p><h4><span style=\"color: #000000;\"><strong>1.- NECESIDADES DE ALMACENAJE:<\/strong>\u00a0<\/span><\/h4><p><span style=\"color: #000000;\">Antes de ponernos a mirar cocinas debemos tener claro cu\u00e1nto almacenaje vamos a necesitar y de qu\u00e9 caracter\u00edsticas, a partir de ah\u00ed podremos tener una idea m\u00e1s clara de qu\u00e9 tipo de distribuci\u00f3n necesitamos y cu\u00e1nto espacio debemos dedicar al almacenaje.<\/span><\/p><h4><strong><span style=\"color: #000000;\">2.- ALTURA DE LOS MUEBLES:\u00a0<\/span><\/strong><\/h4><p><span style=\"color: #000000;\">Especialmente si tenemos una cocina peque\u00f1a debemos valorar la opci\u00f3n de elegir muebles m\u00e1s altos, incluso hasta el techo, para aumentar la capacidad de nuestra cocina. Si queremos dar una sensaci\u00f3n de mayor amplitud podemos elegir cristales transl\u00facidos.<\/span><\/p><h4><strong><span style=\"color: #000000;\">3.- ANCHURA DE LOS MUEBLES:\u00a0<\/span><\/strong><\/h4><p><span style=\"color: #000000;\">Tienes opciones de todo tipo, desde espacios peque\u00f1os de 15 cm para aprovechar al m\u00e1ximo todos los huecos, hasta alternativas mucho m\u00e1s grandes, de m\u00e1s de 1 metro. Los muebles dise\u00f1ados depender\u00e1n del espacio disponible y las necesidades del cliente. Las opciones m\u00e1s habituales van de 45 a 90 cm, aunque el tama\u00f1o m\u00e1ximo es de 120 cms. de ancho en puertas y gavetas para adaptarnos a las dimensiones de tu espacio.<\/span><\/p><h4><strong><span style=\"color: #000000;\">4.- CAJONERAS:<\/span><\/strong><\/h4><p><span style=\"color: #000000;\">Lo ideal es optar por cajones de apertura completa para poder acceder f\u00e1cilmente a todo lo que tengamos en su interior.<\/span><\/p><h4><strong><span style=\"color: #000000;\">5.- ESTILO COCINA:<\/span><\/strong><\/h4><p><span style=\"color: #000000;\">Ahora ya podemos pensar qu\u00e9 estilo de materiales nos gustan m\u00e1s para nuestra cocina. Si nos gusta m\u00e1s el estilo r\u00fastico los laminados de madera son perfectos para este tipo de cocinas, adem\u00e1s de ser un material muy c\u00e1lido. Si por el contrario prefieres un estilo m\u00e1s moderno, los laminados que simulan el cemento o el hormig\u00f3n ser\u00e1n tu opci\u00f3n. Si prefieres un estilo m\u00e1s vintage puedes optar por frentes en tonos claros o pastel.<\/span><\/p><h4><strong><span style=\"color: #000000;\">6.- COLOR DE COCINA:\u00a0<\/span><\/strong><\/h4><p><span style=\"color: #000000;\">La elecci\u00f3n del color tambi\u00e9n es muy importante para el estilo que quieras darle a tu cocina. Nuestra elecci\u00f3n depender\u00e1 del espacio, luminosidad, colores del resto de la casa, etc. En este post puedes descubrir las tendencias m\u00e1s actuales en\u00a0<a style=\"color: #000000;\" href=\"https:\/\/cocinas.com\/blog\/colores-cocina-tendencia\/\">colores de cocinas<\/a>.<\/span><\/p>\t\t\t\t\t\t\t\t<\/div>\n\t\t\t\t<\/div>\n\t\t\t\t<div class=\"elementor-element elementor-element-24b20ba elementor-widget elementor-widget-text-editor\" data-id=\"24b20ba\" data-element_type=\"widget\" data-e-type=\"widget\" data-widget_type=\"text-editor.default\">\n\t\t\t\t<div class=\"elementor-widget-container\">\n\t\t\t\t\t\t\t\t\t<p><span style=\"color: #808080;\">15 de marzo de 2023<\/span><\/p>\t\t\t\t\t\t\t\t<\/div>\n\t\t\t\t<\/div>\n\t\t\t\t\t<\/div>\n\t\t<\/div>\n\t\t\t\t\t<\/div>\n\t\t<\/section>\n\t\t\t\t<\/div>\n\t\t","protected":false},"excerpt":{"rendered":"<p>http:\/\/www.grupopr.com\/wp-content\/uploads\/2023\/04\/portada-pagina-web-grupopr.mp4 Consejos para elegir los muebles de tu cocina Si vamos a empezar a mirar cocinas y nos sabemos qu\u00e9 tipos de muebles elegir, tenemos que tener en cuenta varios aspectos el espacio que tenemos, los \u00fatiles que debemos guardar y su organizaci\u00f3n en la cocina, distribuci\u00f3n del espacio, estilo decorativo de la casa etc.&hellip; <br \/> <a class=\"read-more\" href=\"https:\/\/www.grupopr.com\/index.php\/blog-consejos-para-elegir-los-muebles-de-tu-cocina\/\">Leer m\u00e1s<\/a><\/p>\n","protected":false},"author":1,"featured_media":0,"parent":0,"menu_order":0,"comment_status":"closed","ping_status":"closed","template":"","meta":{"footnotes":""},"class_list":["post-1310","page","type-page","status-publish","hentry"],"yoast_head":"<!-- This site is optimized with the Yoast SEO plugin v27.6 - https:\/\/yoast.com\/product\/yoast-seo-wordpress\/ -->\n<title>Blog - Consejos para elegir los muebles de tu cocina - GRUPO PINEDA<\/title>\n<meta name=\"robots\" content=\"index, follow, max-snippet:-1, max-image-preview:large, max-video-preview:-1\" \/>\n<link rel=\"canonical\" href=\"https:\/\/www.grupopr.com\/index.php\/blog-consejos-para-elegir-los-muebles-de-tu-cocina\/\" \/>\n<meta property=\"og:locale\" content=\"es_ES\" \/>\n<meta property=\"og:type\" content=\"article\" \/>\n<meta property=\"og:title\" content=\"Blog - Consejos para elegir los muebles de tu cocina - GRUPO PINEDA\" \/>\n<meta property=\"og:description\" content=\"http:\/\/www.grupopr.com\/wp-content\/uploads\/2023\/04\/portada-pagina-web-grupopr.mp4 Consejos para elegir los muebles de tu cocina Si vamos a empezar a mirar cocinas y nos sabemos qu\u00e9 tipos de muebles elegir, tenemos que tener en cuenta varios aspectos el espacio que tenemos, los \u00fatiles que debemos guardar y su organizaci\u00f3n en la cocina, distribuci\u00f3n del espacio, estilo decorativo de la casa etc.&hellip; Leer m\u00e1s\" \/>\n<meta property=\"og:url\" content=\"https:\/\/www.grupopr.com\/index.php\/blog-consejos-para-elegir-los-muebles-de-tu-cocina\/\" \/>\n<meta property=\"og:site_name\" content=\"GRUPO PINEDA\" \/>\n<meta property=\"article:modified_time\" content=\"2023-04-20T07:54:18+00:00\" \/>\n<meta property=\"og:image\" content=\"https:\/\/www.grupopr.com\/wp-content\/uploads\/2023\/04\/imagenes-pagina-web-1-scaled.jpg\" \/>\n<meta name=\"twitter:card\" content=\"summary_large_image\" \/>\n<meta name=\"twitter:label1\" content=\"Tiempo de lectura\" \/>\n\t<meta name=\"twitter:data1\" content=\"2 minutos\" \/>\n<script type=\"application\/ld+json\" class=\"yoast-schema-graph\">{\"@context\":\"https:\\\/\\\/schema.org\",\"@graph\":[{\"@type\":\"WebPage\",\"@id\":\"https:\\\/\\\/www.grupopr.com\\\/index.php\\\/blog-consejos-para-elegir-los-muebles-de-tu-cocina\\\/\",\"url\":\"https:\\\/\\\/www.grupopr.com\\\/index.php\\\/blog-consejos-para-elegir-los-muebles-de-tu-cocina\\\/\",\"name\":\"Blog - Consejos para elegir los muebles de tu cocina - GRUPO PINEDA\",\"isPartOf\":{\"@id\":\"https:\\\/\\\/www.grupopr.com\\\/#website\"},\"primaryImageOfPage\":{\"@id\":\"https:\\\/\\\/www.grupopr.com\\\/index.php\\\/blog-consejos-para-elegir-los-muebles-de-tu-cocina\\\/#primaryimage\"},\"image\":{\"@id\":\"https:\\\/\\\/www.grupopr.com\\\/index.php\\\/blog-consejos-para-elegir-los-muebles-de-tu-cocina\\\/#primaryimage\"},\"thumbnailUrl\":\"https:\\\/\\\/www.grupopr.com\\\/wp-content\\\/uploads\\\/2023\\\/04\\\/imagenes-pagina-web-1-scaled.jpg\",\"datePublished\":\"2023-04-20T07:30:12+00:00\",\"dateModified\":\"2023-04-20T07:54:18+00:00\",\"breadcrumb\":{\"@id\":\"https:\\\/\\\/www.grupopr.com\\\/index.php\\\/blog-consejos-para-elegir-los-muebles-de-tu-cocina\\\/#breadcrumb\"},\"inLanguage\":\"es\",\"potentialAction\":[{\"@type\":\"ReadAction\",\"target\":[\"https:\\\/\\\/www.grupopr.com\\\/index.php\\\/blog-consejos-para-elegir-los-muebles-de-tu-cocina\\\/\"]}]},{\"@type\":\"ImageObject\",\"inLanguage\":\"es\",\"@id\":\"https:\\\/\\\/www.grupopr.com\\\/index.php\\\/blog-consejos-para-elegir-los-muebles-de-tu-cocina\\\/#primaryimage\",\"url\":\"https:\\\/\\\/www.grupopr.com\\\/wp-content\\\/uploads\\\/2023\\\/04\\\/imagenes-pagina-web-1-scaled.jpg\",\"contentUrl\":\"https:\\\/\\\/www.grupopr.com\\\/wp-content\\\/uploads\\\/2023\\\/04\\\/imagenes-pagina-web-1-scaled.jpg\",\"width\":2560,\"height\":1440},{\"@type\":\"BreadcrumbList\",\"@id\":\"https:\\\/\\\/www.grupopr.com\\\/index.php\\\/blog-consejos-para-elegir-los-muebles-de-tu-cocina\\\/#breadcrumb\",\"itemListElement\":[{\"@type\":\"ListItem\",\"position\":1,\"name\":\"Portada\",\"item\":\"https:\\\/\\\/www.grupopr.com\\\/\"},{\"@type\":\"ListItem\",\"position\":2,\"name\":\"Blog &#8211; Consejos para elegir los muebles de tu cocina\"}]},{\"@type\":\"WebSite\",\"@id\":\"https:\\\/\\\/www.grupopr.com\\\/#website\",\"url\":\"https:\\\/\\\/www.grupopr.com\\\/\",\"name\":\"GRUPO PINEDA\",\"description\":\"\",\"publisher\":{\"@id\":\"https:\\\/\\\/www.grupopr.com\\\/#organization\"},\"potentialAction\":[{\"@type\":\"SearchAction\",\"target\":{\"@type\":\"EntryPoint\",\"urlTemplate\":\"https:\\\/\\\/www.grupopr.com\\\/?s={search_term_string}\"},\"query-input\":{\"@type\":\"PropertyValueSpecification\",\"valueRequired\":true,\"valueName\":\"search_term_string\"}}],\"inLanguage\":\"es\"},{\"@type\":\"Organization\",\"@id\":\"https:\\\/\\\/www.grupopr.com\\\/#organization\",\"name\":\"GRUPO PINEDA\",\"url\":\"https:\\\/\\\/www.grupopr.com\\\/\",\"logo\":{\"@type\":\"ImageObject\",\"inLanguage\":\"es\",\"@id\":\"https:\\\/\\\/www.grupopr.com\\\/#\\\/schema\\\/logo\\\/image\\\/\",\"url\":\"https:\\\/\\\/www.grupopr.com\\\/wp-content\\\/uploads\\\/2024\\\/09\\\/cropped-LOGO-NUEVO-GRUPO-PINEDA.png\",\"contentUrl\":\"https:\\\/\\\/www.grupopr.com\\\/wp-content\\\/uploads\\\/2024\\\/09\\\/cropped-LOGO-NUEVO-GRUPO-PINEDA.png\",\"width\":3498,\"height\":922,\"caption\":\"GRUPO PINEDA\"},\"image\":{\"@id\":\"https:\\\/\\\/www.grupopr.com\\\/#\\\/schema\\\/logo\\\/image\\\/\"}}]}<\/script>\n<!-- \/ Yoast SEO plugin. -->","yoast_head_json":{"title":"Blog - Consejos para elegir los muebles de tu cocina - GRUPO PINEDA","robots":{"index":"index","follow":"follow","max-snippet":"max-snippet:-1","max-image-preview":"max-image-preview:large","max-video-preview":"max-video-preview:-1"},"canonical":"https:\/\/www.grupopr.com\/index.php\/blog-consejos-para-elegir-los-muebles-de-tu-cocina\/","og_locale":"es_ES","og_type":"article","og_title":"Blog - Consejos para elegir los muebles de tu cocina - GRUPO PINEDA","og_description":"http:\/\/www.grupopr.com\/wp-content\/uploads\/2023\/04\/portada-pagina-web-grupopr.mp4 Consejos para elegir los muebles de tu cocina Si vamos a empezar a mirar cocinas y nos sabemos qu\u00e9 tipos de muebles elegir, tenemos que tener en cuenta varios aspectos el espacio que tenemos, los \u00fatiles que debemos guardar y su organizaci\u00f3n en la cocina, distribuci\u00f3n del espacio, estilo decorativo de la casa etc.&hellip; Leer m\u00e1s","og_url":"https:\/\/www.grupopr.com\/index.php\/blog-consejos-para-elegir-los-muebles-de-tu-cocina\/","og_site_name":"GRUPO PINEDA","article_modified_time":"2023-04-20T07:54:18+00:00","og_image":[{"url":"https:\/\/www.grupopr.com\/wp-content\/uploads\/2023\/04\/imagenes-pagina-web-1-scaled.jpg","type":"","width":"","height":""}],"twitter_card":"summary_large_image","twitter_misc":{"Tiempo de lectura":"2 minutos"},"schema":{"@context":"https:\/\/schema.org","@graph":[{"@type":"WebPage","@id":"https:\/\/www.grupopr.com\/index.php\/blog-consejos-para-elegir-los-muebles-de-tu-cocina\/","url":"https:\/\/www.grupopr.com\/index.php\/blog-consejos-para-elegir-los-muebles-de-tu-cocina\/","name":"Blog - Consejos para elegir los muebles de tu cocina - GRUPO PINEDA","isPartOf":{"@id":"https:\/\/www.grupopr.com\/#website"},"primaryImageOfPage":{"@id":"https:\/\/www.grupopr.com\/index.php\/blog-consejos-para-elegir-los-muebles-de-tu-cocina\/#primaryimage"},"image":{"@id":"https:\/\/www.grupopr.com\/index.php\/blog-consejos-para-elegir-los-muebles-de-tu-cocina\/#primaryimage"},"thumbnailUrl":"https:\/\/www.grupopr.com\/wp-content\/uploads\/2023\/04\/imagenes-pagina-web-1-scaled.jpg","datePublished":"2023-04-20T07:30:12+00:00","dateModified":"2023-04-20T07:54:18+00:00","breadcrumb":{"@id":"https:\/\/www.grupopr.com\/index.php\/blog-consejos-para-elegir-los-muebles-de-tu-cocina\/#breadcrumb"},"inLanguage":"es","potentialAction":[{"@type":"ReadAction","target":["https:\/\/www.grupopr.com\/index.php\/blog-consejos-para-elegir-los-muebles-de-tu-cocina\/"]}]},{"@type":"ImageObject","inLanguage":"es","@id":"https:\/\/www.grupopr.com\/index.php\/blog-consejos-para-elegir-los-muebles-de-tu-cocina\/#primaryimage","url":"https:\/\/www.grupopr.com\/wp-content\/uploads\/2023\/04\/imagenes-pagina-web-1-scaled.jpg","contentUrl":"https:\/\/www.grupopr.com\/wp-content\/uploads\/2023\/04\/imagenes-pagina-web-1-scaled.jpg","width":2560,"height":1440},{"@type":"BreadcrumbList","@id":"https:\/\/www.grupopr.com\/index.php\/blog-consejos-para-elegir-los-muebles-de-tu-cocina\/#breadcrumb","itemListElement":[{"@type":"ListItem","position":1,"name":"Portada","item":"https:\/\/www.grupopr.com\/"},{"@type":"ListItem","position":2,"name":"Blog &#8211; Consejos para elegir los muebles de tu cocina"}]},{"@type":"WebSite","@id":"https:\/\/www.grupopr.com\/#website","url":"https:\/\/www.grupopr.com\/","name":"GRUPO PINEDA","description":"","publisher":{"@id":"https:\/\/www.grupopr.com\/#organization"},"potentialAction":[{"@type":"SearchAction","target":{"@type":"EntryPoint","urlTemplate":"https:\/\/www.grupopr.com\/?s={search_term_string}"},"query-input":{"@type":"PropertyValueSpecification","valueRequired":true,"valueName":"search_term_string"}}],"inLanguage":"es"},{"@type":"Organization","@id":"https:\/\/www.grupopr.com\/#organization","name":"GRUPO PINEDA","url":"https:\/\/www.grupopr.com\/","logo":{"@type":"ImageObject","inLanguage":"es","@id":"https:\/\/www.grupopr.com\/#\/schema\/logo\/image\/","url":"https:\/\/www.grupopr.com\/wp-content\/uploads\/2024\/09\/cropped-LOGO-NUEVO-GRUPO-PINEDA.png","contentUrl":"https:\/\/www.grupopr.com\/wp-content\/uploads\/2024\/09\/cropped-LOGO-NUEVO-GRUPO-PINEDA.png","width":3498,"height":922,"caption":"GRUPO PINEDA"},"image":{"@id":"https:\/\/www.grupopr.com\/#\/schema\/logo\/image\/"}}]}},"jetpack_sharing_enabled":true,"_links":{"self":[{"href":"https:\/\/www.grupopr.com\/index.php\/wp-json\/wp\/v2\/pages\/1310","targetHints":{"allow":["GET"]}}],"collection":[{"href":"https:\/\/www.grupopr.com\/index.php\/wp-json\/wp\/v2\/pages"}],"about":[{"href":"https:\/\/www.grupopr.com\/index.php\/wp-json\/wp\/v2\/types\/page"}],"author":[{"embeddable":true,"href":"https:\/\/www.grupopr.com\/index.php\/wp-json\/wp\/v2\/users\/1"}],"replies":[{"embeddable":true,"href":"https:\/\/www.grupopr.com\/index.php\/wp-json\/wp\/v2\/comments?post=1310"}],"version-history":[{"count":10,"href":"https:\/\/www.grupopr.com\/index.php\/wp-json\/wp\/v2\/pages\/1310\/revisions"}],"predecessor-version":[{"id":1344,"href":"https:\/\/www.grupopr.com\/index.php\/wp-json\/wp\/v2\/pages\/1310\/revisions\/1344"}],"wp:attachment":[{"href":"https:\/\/www.grupopr.com\/index.php\/wp-json\/wp\/v2\/media?parent=1310"}],"curies":[{"name":"wp","href":"https:\/\/api.w.org\/{rel}","templated":true}]}}